{"id":2030,"date":"2024-11-29T18:41:00","date_gmt":"2024-11-29T18:41:00","guid":{"rendered":"https:\/\/daltec.ch\/?post_type=product&#038;p=2030"},"modified":"2025-08-28T13:23:07","modified_gmt":"2025-08-28T13:23:07","slug":"vz-midi-leer","status":"publish","type":"product","link":"https:\/\/daltec.ch\/de\/product\/vz-midi-leer","title":{"rendered":"Daltec VZ Midi leer, 2500x1500x2000 mm, 750 Kg"},"content":{"rendered":"<p><strong>Serienausstattung:<\/strong><\/p>\n<ul>\n<li>1 gebremste Achse KNOTT<\/li>\n<li>Sandwichw\u00e4nde (Glanzlaminat \u2013 XPS \u2013 Mattlaminat)<\/li>\n<li>Boden aus wasserfestem Multiplex-Schichtholz, bedeckt mit hochabriebfestem PVC-Bodenbelag<\/li>\n<li>Rahmen \u2013 feuerverzinkter Stahl<\/li>\n<li>Eingangst\u00fcr auf der Anh\u00e4ngerseite, abschlie\u00dfbar<\/li>\n<li>Gro\u00dfe Verkaufsklappe an der Seitenwand<\/li>\n<li>St\u00fctzrad mit Klemme<\/li>\n<li>2 verstellbare St\u00fctzen<\/li>\n<li>Kurbel f\u00fcr die St\u00fctzen<\/li>\n<li>Radkappen<\/li>\n<\/ul>\n<p>&nbsp;<\/p>\n","protected":false},"excerpt":{"rendered":"<h5><em>Preis: Siehe Preisliste auf Startseite<\/em><\/h5>\n<p>Gebremster Arbeitstransporter, sehr robust<\/p>\n<h5>Technische Daten:<\/h5>\n<table class=\"table\">\n<tbody>\n<tr>\n<th>L\u00e4nge<\/th>\n<td>2500 <small>mm<\/small><\/td>\n<\/tr>\n<tr>\n<th>Breite<\/th>\n<td>1500<small>mm<\/small><\/td>\n<\/tr>\n<tr>\n<th>H\u00f6he<\/th>\n<td>2000 <small>mm<\/small><\/td>\n<\/tr>\n<tr>\n<th>Achsen<\/th>\n<td>1 <small><\/small><\/td>\n<\/tr>\n<tr>\n<th>Gesamtgewicht<\/th>\n<td>750 Kg<\/td>\n<\/tr>\n<tr>\n<th>Nutzlast<\/th>\n<td>345 Kg<\/td>\n<\/tr>\n<tr>\n<th>R\u00e4der<\/th>\n<td>165\/70 R 13 <small><\/small><\/td>\n<\/tr>\n<\/tbody>\n<\/table>\n<h4>Optionen:<\/h4>\n<table>\n<tbody>\n<tr>\n<td><\/td>\n<td><\/td>\n<\/tr>\n<tr>\n<td><\/td>\n<td><\/td>\n<\/tr>\n<tr>\n<td><\/td>\n<td><\/td>\n<\/tr>\n<tr>\n<td>\n<h4>St\u00fctzfuss mit Halter (Paar)<\/h4>\n<\/td>\n<td>\n<h4>100 CHF<\/h4>\n<\/td>\n<\/tr>\n<\/tbody>\n<\/table>\n","protected":false},"featured_media":3115,"comment_status":"open","ping_status":"closed","template":"","meta":{"_acf_changed":false},"product_brand":[],"product_cat":[31],"product_tag":[],"class_list":{"0":"post-2030","1":"product","2":"type-product","3":"status-publish","4":"has-post-thumbnail","6":"product_cat-verkaufsfanhaenger","8":"first","9":"instock","10":"featured","11":"shipping-taxable","12":"purchasable","13":"product-type-simple"},"acf":[],"yoast_head":"<!-- This site is optimized with the Yoast SEO plugin v27.4 - https:\/\/yoast.com\/product\/yoast-seo-wordpress\/ -->\n<title>Daltec VZ Midi leer, 2500x1500x2000 mm, 750 Kg - Daltec<\/title>\n<meta name=\"robots\" content=\"index, follow, max-snippet:-1, max-image-preview:large, max-video-preview:-1\" \/>\n<link rel=\"canonical\" href=\"https:\/\/daltec.ch\/de\/product\/vz-midi-leer\/\" \/>\n<meta property=\"og:locale\" content=\"de_DE\" \/>\n<meta property=\"og:type\" content=\"article\" \/>\n<meta property=\"og:title\" content=\"Daltec VZ Midi leer, 2500x1500x2000 mm, 750 Kg - Daltec\" \/>\n<meta property=\"og:description\" content=\"Preis: Siehe Preisliste auf Startseite Gebremster Arbeitstransporter, sehr robust Technische Daten:    L\u00e4nge 2500 mm   Breite 1500mm   H\u00f6he 2000 mm   Achsen 1    Gesamtgewicht 750 Kg   Nutzlast 345 Kg   R\u00e4der 165\/70 R 13     Optionen:                 St\u00fctzfuss mit Halter (Paar)   100 CHF\" \/>\n<meta property=\"og:url\" content=\"https:\/\/daltec.ch\/de\/product\/vz-midi-leer\/\" \/>\n<meta property=\"og:site_name\" content=\"Daltec\" \/>\n<meta property=\"article:publisher\" content=\"https:\/\/www.facebook.com\/DaltecAG\" \/>\n<meta property=\"article:modified_time\" content=\"2025-08-28T13:23:07+00:00\" \/>\n<meta property=\"og:image\" content=\"https:\/\/daltec.ch\/wp-content\/uploads\/2024\/11\/TFS-251.01-750kg-8-Copy-scaled-1.jpeg\" \/>\n\t<meta property=\"og:image:width\" content=\"2560\" \/>\n\t<meta property=\"og:image:height\" content=\"1920\" \/>\n\t<meta property=\"og:image:type\" content=\"image\/jpeg\" \/>\n<meta name=\"twitter:card\" content=\"summary_large_image\" \/>\n<meta name=\"twitter:label1\" content=\"Gesch\u00e4tzte Lesezeit\" \/>\n\t<meta name=\"twitter:data1\" content=\"1\u00a0Minute\" \/>\n<script type=\"application\/ld+json\" class=\"yoast-schema-graph\">{\"@context\":\"https:\\\/\\\/schema.org\",\"@graph\":[{\"@type\":\"WebPage\",\"@id\":\"https:\\\/\\\/daltec.ch\\\/product\\\/vz-midi-leer\",\"url\":\"https:\\\/\\\/daltec.ch\\\/product\\\/vz-midi-leer\",\"name\":\"Daltec VZ Midi leer, 2500x1500x2000 mm, 750 Kg - Daltec\",\"isPartOf\":{\"@id\":\"https:\\\/\\\/daltec.ch\\\/fr\\\/#website\"},\"primaryImageOfPage\":{\"@id\":\"https:\\\/\\\/daltec.ch\\\/product\\\/vz-midi-leer#primaryimage\"},\"image\":{\"@id\":\"https:\\\/\\\/daltec.ch\\\/product\\\/vz-midi-leer#primaryimage\"},\"thumbnailUrl\":\"https:\\\/\\\/daltec.ch\\\/wp-content\\\/uploads\\\/2024\\\/11\\\/TFS-251.01-750kg-8-Copy-scaled-1.jpeg\",\"datePublished\":\"2024-11-29T18:41:00+00:00\",\"dateModified\":\"2025-08-28T13:23:07+00:00\",\"breadcrumb\":{\"@id\":\"https:\\\/\\\/daltec.ch\\\/product\\\/vz-midi-leer#breadcrumb\"},\"inLanguage\":\"de-CH\",\"potentialAction\":[{\"@type\":\"ReadAction\",\"target\":[\"https:\\\/\\\/daltec.ch\\\/product\\\/vz-midi-leer\"]}]},{\"@type\":\"ImageObject\",\"inLanguage\":\"de-CH\",\"@id\":\"https:\\\/\\\/daltec.ch\\\/product\\\/vz-midi-leer#primaryimage\",\"url\":\"https:\\\/\\\/daltec.ch\\\/wp-content\\\/uploads\\\/2024\\\/11\\\/TFS-251.01-750kg-8-Copy-scaled-1.jpeg\",\"contentUrl\":\"https:\\\/\\\/daltec.ch\\\/wp-content\\\/uploads\\\/2024\\\/11\\\/TFS-251.01-750kg-8-Copy-scaled-1.jpeg\",\"width\":2560,\"height\":1920},{\"@type\":\"BreadcrumbList\",\"@id\":\"https:\\\/\\\/daltec.ch\\\/product\\\/vz-midi-leer#breadcrumb\",\"itemListElement\":[{\"@type\":\"ListItem\",\"position\":1,\"name\":\"Startseite\",\"item\":\"https:\\\/\\\/daltec.ch\\\/\"},{\"@type\":\"ListItem\",\"position\":2,\"name\":\"anhaenger\",\"item\":\"https:\\\/\\\/daltec.ch\\\/anhaenger\"},{\"@type\":\"ListItem\",\"position\":3,\"name\":\"Daltec VZ Midi leer, 2500x1500x2000 mm, 750 Kg\"}]},{\"@type\":\"WebSite\",\"@id\":\"https:\\\/\\\/daltec.ch\\\/fr\\\/#website\",\"url\":\"https:\\\/\\\/daltec.ch\\\/fr\\\/\",\"name\":\"Daltec Trailers\",\"description\":\"\",\"publisher\":{\"@id\":\"https:\\\/\\\/daltec.ch\\\/fr\\\/#organization\"},\"potentialAction\":[{\"@type\":\"SearchAction\",\"target\":{\"@type\":\"EntryPoint\",\"urlTemplate\":\"https:\\\/\\\/daltec.ch\\\/fr\\\/?s={search_term_string}\"},\"query-input\":{\"@type\":\"PropertyValueSpecification\",\"valueRequired\":true,\"valueName\":\"search_term_string\"}}],\"inLanguage\":\"de-CH\"},{\"@type\":\"Organization\",\"@id\":\"https:\\\/\\\/daltec.ch\\\/fr\\\/#organization\",\"name\":\"Daltec AG\",\"url\":\"https:\\\/\\\/daltec.ch\\\/fr\\\/\",\"logo\":{\"@type\":\"ImageObject\",\"inLanguage\":\"de-CH\",\"@id\":\"https:\\\/\\\/daltec.ch\\\/fr\\\/#\\\/schema\\\/logo\\\/image\\\/\",\"url\":\"https:\\\/\\\/daltec.ch\\\/wp-content\\\/uploads\\\/2025\\\/08\\\/dlteclogo.webp\",\"contentUrl\":\"https:\\\/\\\/daltec.ch\\\/wp-content\\\/uploads\\\/2025\\\/08\\\/dlteclogo.webp\",\"width\":500,\"height\":195,\"caption\":\"Daltec AG\"},\"image\":{\"@id\":\"https:\\\/\\\/daltec.ch\\\/fr\\\/#\\\/schema\\\/logo\\\/image\\\/\"},\"sameAs\":[\"https:\\\/\\\/www.facebook.com\\\/DaltecAG\"]}]}<\/script>\n<!-- \/ Yoast SEO plugin. -->","yoast_head_json":{"title":"Daltec VZ Midi leer, 2500x1500x2000 mm, 750 Kg - Daltec","robots":{"index":"index","follow":"follow","max-snippet":"max-snippet:-1","max-image-preview":"max-image-preview:large","max-video-preview":"max-video-preview:-1"},"canonical":"https:\/\/daltec.ch\/de\/product\/vz-midi-leer\/","og_locale":"de_DE","og_type":"article","og_title":"Daltec VZ Midi leer, 2500x1500x2000 mm, 750 Kg - Daltec","og_description":"Preis: Siehe Preisliste auf Startseite Gebremster Arbeitstransporter, sehr robust Technische Daten:    L\u00e4nge 2500 mm   Breite 1500mm   H\u00f6he 2000 mm   Achsen 1    Gesamtgewicht 750 Kg   Nutzlast 345 Kg   R\u00e4der 165\/70 R 13     Optionen:                 St\u00fctzfuss mit Halter (Paar)   100 CHF","og_url":"https:\/\/daltec.ch\/de\/product\/vz-midi-leer\/","og_site_name":"Daltec","article_publisher":"https:\/\/www.facebook.com\/DaltecAG","article_modified_time":"2025-08-28T13:23:07+00:00","og_image":[{"width":2560,"height":1920,"url":"https:\/\/daltec.ch\/wp-content\/uploads\/2024\/11\/TFS-251.01-750kg-8-Copy-scaled-1.jpeg","type":"image\/jpeg"}],"twitter_card":"summary_large_image","twitter_misc":{"Gesch\u00e4tzte Lesezeit":"1\u00a0Minute"},"schema":{"@context":"https:\/\/schema.org","@graph":[{"@type":"WebPage","@id":"https:\/\/daltec.ch\/product\/vz-midi-leer","url":"https:\/\/daltec.ch\/product\/vz-midi-leer","name":"Daltec VZ Midi leer, 2500x1500x2000 mm, 750 Kg - Daltec","isPartOf":{"@id":"https:\/\/daltec.ch\/fr\/#website"},"primaryImageOfPage":{"@id":"https:\/\/daltec.ch\/product\/vz-midi-leer#primaryimage"},"image":{"@id":"https:\/\/daltec.ch\/product\/vz-midi-leer#primaryimage"},"thumbnailUrl":"https:\/\/daltec.ch\/wp-content\/uploads\/2024\/11\/TFS-251.01-750kg-8-Copy-scaled-1.jpeg","datePublished":"2024-11-29T18:41:00+00:00","dateModified":"2025-08-28T13:23:07+00:00","breadcrumb":{"@id":"https:\/\/daltec.ch\/product\/vz-midi-leer#breadcrumb"},"inLanguage":"de-CH","potentialAction":[{"@type":"ReadAction","target":["https:\/\/daltec.ch\/product\/vz-midi-leer"]}]},{"@type":"ImageObject","inLanguage":"de-CH","@id":"https:\/\/daltec.ch\/product\/vz-midi-leer#primaryimage","url":"https:\/\/daltec.ch\/wp-content\/uploads\/2024\/11\/TFS-251.01-750kg-8-Copy-scaled-1.jpeg","contentUrl":"https:\/\/daltec.ch\/wp-content\/uploads\/2024\/11\/TFS-251.01-750kg-8-Copy-scaled-1.jpeg","width":2560,"height":1920},{"@type":"BreadcrumbList","@id":"https:\/\/daltec.ch\/product\/vz-midi-leer#breadcrumb","itemListElement":[{"@type":"ListItem","position":1,"name":"Startseite","item":"https:\/\/daltec.ch\/"},{"@type":"ListItem","position":2,"name":"anhaenger","item":"https:\/\/daltec.ch\/anhaenger"},{"@type":"ListItem","position":3,"name":"Daltec VZ Midi leer, 2500x1500x2000 mm, 750 Kg"}]},{"@type":"WebSite","@id":"https:\/\/daltec.ch\/fr\/#website","url":"https:\/\/daltec.ch\/fr\/","name":"Daltec Trailers","description":"","publisher":{"@id":"https:\/\/daltec.ch\/fr\/#organization"},"potentialAction":[{"@type":"SearchAction","target":{"@type":"EntryPoint","urlTemplate":"https:\/\/daltec.ch\/fr\/?s={search_term_string}"},"query-input":{"@type":"PropertyValueSpecification","valueRequired":true,"valueName":"search_term_string"}}],"inLanguage":"de-CH"},{"@type":"Organization","@id":"https:\/\/daltec.ch\/fr\/#organization","name":"Daltec AG","url":"https:\/\/daltec.ch\/fr\/","logo":{"@type":"ImageObject","inLanguage":"de-CH","@id":"https:\/\/daltec.ch\/fr\/#\/schema\/logo\/image\/","url":"https:\/\/daltec.ch\/wp-content\/uploads\/2025\/08\/dlteclogo.webp","contentUrl":"https:\/\/daltec.ch\/wp-content\/uploads\/2025\/08\/dlteclogo.webp","width":500,"height":195,"caption":"Daltec AG"},"image":{"@id":"https:\/\/daltec.ch\/fr\/#\/schema\/logo\/image\/"},"sameAs":["https:\/\/www.facebook.com\/DaltecAG"]}]}},"_links":{"self":[{"href":"https:\/\/daltec.ch\/de\/wp-json\/wp\/v2\/product\/2030","targetHints":{"allow":["GET"]}}],"collection":[{"href":"https:\/\/daltec.ch\/de\/wp-json\/wp\/v2\/product"}],"about":[{"href":"https:\/\/daltec.ch\/de\/wp-json\/wp\/v2\/types\/product"}],"replies":[{"embeddable":true,"href":"https:\/\/daltec.ch\/de\/wp-json\/wp\/v2\/comments?post=2030"}],"wp:featuredmedia":[{"embeddable":true,"href":"https:\/\/daltec.ch\/de\/wp-json\/wp\/v2\/media\/3115"}],"wp:attachment":[{"href":"https:\/\/daltec.ch\/de\/wp-json\/wp\/v2\/media?parent=2030"}],"wp:term":[{"taxonomy":"product_brand","embeddable":true,"href":"https:\/\/daltec.ch\/de\/wp-json\/wp\/v2\/product_brand?post=2030"},{"taxonomy":"product_cat","embeddable":true,"href":"https:\/\/daltec.ch\/de\/wp-json\/wp\/v2\/product_cat?post=2030"},{"taxonomy":"product_tag","embeddable":true,"href":"https:\/\/daltec.ch\/de\/wp-json\/wp\/v2\/product_tag?post=2030"}],"curies":[{"name":"wp","href":"https:\/\/api.w.org\/{rel}","templated":true}]}}

<p><strong>Serienausstattung:</strong></p>
<ul>
<li>1 gebremste Achse KNOTT</li>
<li>Sandwichwände (Glanzlaminat – XPS – Mattlaminat)</li>
<li>Boden aus wasserfestem Multiplex-Schichtholz, bedeckt mit hochabriebfestem PVC-Bodenbelag</li>
<li>Rahmen – feuerverzinkter Stahl</li>
<li>Eingangstür auf der Anhängerseite, abschließbar</li>
<li>Große Verkaufsklappe an der Seitenwand</li>
<li>Stützrad mit Klemme</li>
<li>2 verstellbare Stützen</li>
<li>Kurbel für die Stützen</li>
<li>Radkappen</li>
</ul>
<p>&nbsp;</p>

<h5><em>Preis: Siehe Preisliste auf Startseite</em></h5>
<p>Gebremster Arbeitstransporter, sehr robust</p>
<h5>Technische Daten:</h5>
<table class="table">
<tbody>
<tr>
<th>Länge</th>
<td>2500 <small>mm</small></td>
</tr>
<tr>
<th>Breite</th>
<td>1500<small>mm</small></td>
</tr>
<tr>
<th>Höhe</th>
<td>2000 <small>mm</small></td>
</tr>
<tr>
<th>Achsen</th>
<td>1 <small></small></td>
</tr>
<tr>
<th>Gesamtgewicht</th>
<td>750 Kg</td>
</tr>
<tr>
<th>Nutzlast</th>
<td>345 Kg</td>
</tr>
<tr>
<th>Räder</th>
<td>165/70 R 13 <small></small></td>
</tr>
</tbody>
</table>
<h4>Optionen:</h4>
<table>
<tbody>
<tr>
<td></td>
<td></td>
</tr>
<tr>
<td></td>
<td></td>
</tr>
<tr>
<td></td>
<td></td>
</tr>
<tr>
<td>
<h4>Stützfuss mit Halter (Paar)</h4>
</td>
<td>
<h4>100 CHF</h4>
</td>
</tr>
</tbody>
</table>

<!-- This site is optimized with the Yoast SEO plugin v27.4 - https://yoast.com/product/yoast-seo-wordpress/ -->
<title>Daltec VZ Midi leer, 2500x1500x2000 mm, 750 Kg - Daltec</title>
<meta name="robots" content="index, follow, max-snippet:-1, max-image-preview:large, max-video-preview:-1" />
<link rel="canonical" href="https://daltec.ch/de/product/vz-midi-leer/" />
<meta property="og:locale" content="de_DE" />
<meta property="og:type" content="article" />
<meta property="og:title" content="Daltec VZ Midi leer, 2500x1500x2000 mm, 750 Kg - Daltec" />
<meta property="og:description" content="Preis: Siehe Preisliste auf Startseite Gebremster Arbeitstransporter, sehr robust Technische Daten:    Länge 2500 mm   Breite 1500mm   Höhe 2000 mm   Achsen 1    Gesamtgewicht 750 Kg   Nutzlast 345 Kg   Räder 165/70 R 13     Optionen:                 Stützfuss mit Halter (Paar)   100 CHF" />
<meta property="og:url" content="https://daltec.ch/de/product/vz-midi-leer/" />
<meta property="og:site_name" content="Daltec" />
<meta property="article:publisher" content="https://www.facebook.com/DaltecAG" />
<meta property="article:modified_time" content="2025-08-28T13:23:07+00:00" />
<meta property="og:image" content="https://daltec.ch/wp-content/uploads/2024/11/TFS-251.01-750kg-8-Copy-scaled-1.jpeg" />
	<meta property="og:image:width" content="2560" />
	<meta property="og:image:height" content="1920" />
	<meta property="og:image:type" content="image/jpeg" />
<meta name="twitter:card" content="summary_large_image" />
<meta name="twitter:label1" content="Geschätzte Lesezeit" />
	<meta name="twitter:data1" content="1 Minute" />
<script type="application/ld+json" class="yoast-schema-graph">{"@context":"https:\/\/schema.org","@graph":[{"@type":"WebPage","@id":"https:\/\/daltec.ch\/product\/vz-midi-leer","url":"https:\/\/daltec.ch\/product\/vz-midi-leer","name":"Daltec VZ Midi leer, 2500x1500x2000 mm, 750 Kg - Daltec","isPartOf":{"@id":"https:\/\/daltec.ch\/fr\/#website"},"primaryImageOfPage":{"@id":"https:\/\/daltec.ch\/product\/vz-midi-leer#primaryimage"},"image":{"@id":"https:\/\/daltec.ch\/product\/vz-midi-leer#primaryimage"},"thumbnailUrl":"https:\/\/daltec.ch\/wp-content\/uploads\/2024\/11\/TFS-251.01-750kg-8-Copy-scaled-1.jpeg","datePublished":"2024-11-29T18:41:00+00:00","dateModified":"2025-08-28T13:23:07+00:00","breadcrumb":{"@id":"https:\/\/daltec.ch\/product\/vz-midi-leer#breadcrumb"},"inLanguage":"de-CH","potentialAction":[{"@type":"ReadAction","target":["https:\/\/daltec.ch\/product\/vz-midi-leer"]}]},{"@type":"ImageObject","inLanguage":"de-CH","@id":"https:\/\/daltec.ch\/product\/vz-midi-leer#primaryimage","url":"https:\/\/daltec.ch\/wp-content\/uploads\/2024\/11\/TFS-251.01-750kg-8-Copy-scaled-1.jpeg","contentUrl":"https:\/\/daltec.ch\/wp-content\/uploads\/2024\/11\/TFS-251.01-750kg-8-Copy-scaled-1.jpeg","width":2560,"height":1920},{"@type":"BreadcrumbList","@id":"https:\/\/daltec.ch\/product\/vz-midi-leer#breadcrumb","itemListElement":[{"@type":"ListItem","position":1,"name":"Startseite","item":"https:\/\/daltec.ch\/"},{"@type":"ListItem","position":2,"name":"anhaenger","item":"https:\/\/daltec.ch\/anhaenger"},{"@type":"ListItem","position":3,"name":"Daltec VZ Midi leer, 2500x1500x2000 mm, 750 Kg"}]},{"@type":"WebSite","@id":"https:\/\/daltec.ch\/fr\/#website","url":"https:\/\/daltec.ch\/fr\/","name":"Daltec Trailers","description":"","publisher":{"@id":"https:\/\/daltec.ch\/fr\/#organization"},"potentialAction":[{"@type":"SearchAction","target":{"@type":"EntryPoint","urlTemplate":"https:\/\/daltec.ch\/fr\/?s={search_term_string}"},"query-input":{"@type":"PropertyValueSpecification","valueRequired":true,"valueName":"search_term_string"}}],"inLanguage":"de-CH"},{"@type":"Organization","@id":"https:\/\/daltec.ch\/fr\/#organization","name":"Daltec AG","url":"https:\/\/daltec.ch\/fr\/","logo":{"@type":"ImageObject","inLanguage":"de-CH","@id":"https:\/\/daltec.ch\/fr\/#\/schema\/logo\/image\/","url":"https:\/\/daltec.ch\/wp-content\/uploads\/2025\/08\/dlteclogo.webp","contentUrl":"https:\/\/daltec.ch\/wp-content\/uploads\/2025\/08\/dlteclogo.webp","width":500,"height":195,"caption":"Daltec AG"},"image":{"@id":"https:\/\/daltec.ch\/fr\/#\/schema\/logo\/image\/"},"sameAs":["https:\/\/www.facebook.com\/DaltecAG"]}]}</script>
<!-- / Yoast SEO plugin. -->

Preis: Siehe Preisliste auf Startseite Gebremster Arbeitstransporter, sehr robust Technische Daten:    Länge 2500 mm   Breite 1500mm   Höhe 2000 mm   Achsen 1    Gesamtgewicht 750 Kg   Nutzlast 345 Kg   Räder 165/70 R 13     Optionen:                 Stützfuss mit Halter (Paar)   100 CHF
