{"id":3447,"date":"2025-07-29T11:12:29","date_gmt":"2025-07-29T11:12:29","guid":{"rendered":"https:\/\/daltec.ch\/?post_type=product&#038;p=3447"},"modified":"2026-03-19T12:28:46","modified_gmt":"2026-03-19T12:28:46","slug":"iveco-35-s-14","status":"publish","type":"product","link":"https:\/\/daltec.ch\/de\/product\/iveco-35-s-14","title":{"rendered":"Iveco 35 S 14 K\u00fchlfahrzeug"},"content":{"rendered":"<p>K\u00fchlfahrzeug mit Fahrt- und Standk\u00fchlung +2*<\/p>\n<p>Neupreis 76&#8217;000.-<\/p>\n<p>Motor CNG\/Benzin<\/p>\n<p>AHK 3500 Kg<\/p>\n<p>Inverkehrsetzung 07.2017<\/p>\n<p>Km 133\u2018000<\/p>\n<p>Getriebe Manuell<\/p>\n<p>Interieur: Stoff, grau<\/p>\n<p>Zustand sehr gut<\/p>\n<p>Reifen und Service frisch<\/p>\n<p>Reparatur Gebrauchsspuren, siehe Fotos<\/p>\n","protected":false},"excerpt":{"rendered":"<h4>Technische Daten:<\/h4>\n<table class=\"table\">\n<tbody>\n<tr>\n<th>Innenl\u00e4nge<\/th>\n<td><\/td>\n<\/tr>\n<tr>\n<th>Innenbreite<\/th>\n<td><small>\u00a0mm<\/small><\/td>\n<\/tr>\n<tr>\n<th>Innenh\u00f6he<\/th>\n<td><small>\u00a0mm<\/small><\/td>\n<\/tr>\n<tr>\n<th>Achsen<\/th>\n<td><\/td>\n<\/tr>\n<tr>\n<th>Bremsen<\/th>\n<td>ja<\/td>\n<\/tr>\n<tr>\n<th>Gesamtgewicht<\/th>\n<td><\/td>\n<\/tr>\n<tr>\n<th>Nutzlast<\/th>\n<td>\u00a0Kg<\/td>\n<\/tr>\n<tr>\n<th>R\u00e4der<\/th>\n<td><\/td>\n<\/tr>\n<tr>\n<th>Aussenmassen<\/th>\n<td><\/td>\n<\/tr>\n<\/tbody>\n<\/table>\n<h4><\/h4>\n<h4><\/h4>\n","protected":false},"featured_media":3452,"comment_status":"open","ping_status":"closed","template":"","meta":{"_acf_changed":false,"rs_blank_template":"","rs_page_bg_color":"","slide_template_v7":""},"product_brand":[],"product_cat":[37],"product_tag":[],"class_list":["post-3447","product","type-product","status-publish","has-post-thumbnail","product_cat-occasionen-anhaenger","first","instock","featured","shipping-taxable","purchasable","product-type-simple"],"acf":[],"_links":{"self":[{"href":"https:\/\/daltec.ch\/de\/wp-json\/wp\/v2\/product\/3447","targetHints":{"allow":["GET"]}}],"collection":[{"href":"https:\/\/daltec.ch\/de\/wp-json\/wp\/v2\/product"}],"about":[{"href":"https:\/\/daltec.ch\/de\/wp-json\/wp\/v2\/types\/product"}],"replies":[{"embeddable":true,"href":"https:\/\/daltec.ch\/de\/wp-json\/wp\/v2\/comments?post=3447"}],"wp:featuredmedia":[{"embeddable":true,"href":"https:\/\/daltec.ch\/de\/wp-json\/wp\/v2\/media\/3452"}],"wp:attachment":[{"href":"https:\/\/daltec.ch\/de\/wp-json\/wp\/v2\/media?parent=3447"}],"wp:term":[{"taxonomy":"product_brand","embeddable":true,"href":"https:\/\/daltec.ch\/de\/wp-json\/wp\/v2\/product_brand?post=3447"},{"taxonomy":"product_cat","embeddable":true,"href":"https:\/\/daltec.ch\/de\/wp-json\/wp\/v2\/product_cat?post=3447"},{"taxonomy":"product_tag","embeddable":true,"href":"https:\/\/daltec.ch\/de\/wp-json\/wp\/v2\/product_tag?post=3447"}],"curies":[{"name":"wp","href":"https:\/\/api.w.org\/{rel}","templated":true}]}}

Iveco 35 S 14 Kühlfahrzeug

<p>Kühlfahrzeug mit Fahrt- und Standkühlung +2*</p>
<p>Neupreis 76&#8217;000.-</p>
<p>Motor CNG/Benzin</p>
<p>AHK 3500 Kg</p>
<p>Inverkehrsetzung 07.2017</p>
<p>Km 133‘000</p>
<p>Getriebe Manuell</p>
<p>Interieur: Stoff, grau</p>
<p>Zustand sehr gut</p>
<p>Reifen und Service frisch</p>
<p>Reparatur Gebrauchsspuren, siehe Fotos</p>

<h4>Technische Daten:</h4>
<table class="table">
<tbody>
<tr>
<th>Innenlänge</th>
<td></td>
</tr>
<tr>
<th>Innenbreite</th>
<td><small> mm</small></td>
</tr>
<tr>
<th>Innenhöhe</th>
<td><small> mm</small></td>
</tr>
<tr>
<th>Achsen</th>
<td></td>
</tr>
<tr>
<th>Bremsen</th>
<td>ja</td>
</tr>
<tr>
<th>Gesamtgewicht</th>
<td></td>
</tr>
<tr>
<th>Nutzlast</th>
<td> Kg</td>
</tr>
<tr>
<th>Räder</th>
<td></td>
</tr>
<tr>
<th>Aussenmassen</th>
<td></td>
</tr>
</tbody>
</table>
<h4></h4>
<h4></h4>
