{"id":2011,"date":"2024-11-29T12:08:23","date_gmt":"2024-11-29T12:08:23","guid":{"rendered":"https:\/\/daltec.ch\/?post_type=product&#038;p=2011"},"modified":"2025-06-17T14:45:12","modified_gmt":"2025-06-17T14:45:12","slug":"sportscaravan-2","status":"publish","type":"product","link":"https:\/\/daltec.ch\/fr\/product\/sportscaravan-2","title":{"rendered":"Daltec Sportscaravan 2, 5500x2000x2100 mm, 2700 Kg"},"content":{"rendered":"<p><strong><em>Prix: voir liste de prix sur page d'accueil<\/em><\/strong><\/p>\n<p>Entdecken Sie Sport Transport Caravan 550 &#8211; die perfekte Kombination aus Campingkomfort und Transportfunktionalit\u00e4t!<\/p>\n<p>Keine Kompromisse mehr beim Transport ihrer bevorzugten Freizeitausr\u00fcstung!<\/p>\n<h4>Equipement:<\/h4>\n<ul>\n<li>Fl\u00fcgelt\u00fcren Hinten<\/li>\n<li>Seitent\u00fcr<\/li>\n<li>Dachfenster Dometic 400 x 400 &#8211; 1 Stk.<\/li>\n<li>Fenster 700&#215;350 mit Rollo &#8211; 4 Stk.<\/li>\n<li>Heizung &#8211; 1 Stk.<\/li>\n<li>Waschbecken mit Armaturen<\/li>\n<li>H\u00e4ngeschr\u00e4nke<\/li>\n<li>2 Klappbetten an den Seiten mit Matratzen und Schr\u00e4nken unter dem Bett<\/li>\n<li>PCV carpeT<\/li>\n<li>Installation 230 V (Innenbeleuchtung &#8211; 1 LED-Lampe; hermetische Doppelsteckdose x 2; Steckdose x 3; Schalter; Sicherungskasten)<\/li>\n<li>Einbau 12 V (1 LED-Lampe)<\/li>\n<li>Wand-\/Dachst\u00e4rke &#8211; ca. 30 mm &#8211; gef\u00fcllt mit Styropor; innen und au\u00dfen wei\u00dfes Laminat mit glatter Oberfl\u00e4che.<\/li>\n<li>Bodenst\u00e4rke &#8211; 15 mm &#8211; innen mit rutschfestem Sperrholz;<\/li>\n<li>St\u00fctzrad<\/li>\n<li>4 verstellbare St\u00fctzbeine<\/li>\n<li>Ladungsbefestigungshalterungen im Boden (6 Stk.)<\/li>\n<\/ul>\n<p>&nbsp;<\/p>\n<p>&nbsp;<\/p>","protected":false},"excerpt":{"rendered":"<h4>Technische Daten:<\/h4>\n<table class=\"table\">\n<tbody>\n<tr>\n<th>L\u00e4nge<\/th>\n<td>5500 <small>mm<\/small><\/td>\n<\/tr>\n<tr>\n<th>Breite<\/th>\n<td>2000 <small>mm<\/small><\/td>\n<\/tr>\n<tr>\n<th>H\u00f6he<\/th>\n<td>2100 <small>mm<\/small><\/td>\n<\/tr>\n<tr>\n<th>Achsen<\/th>\n<td>2<small><\/small><\/td>\n<\/tr>\n<tr>\n<th>Gesamtgewicht<\/th>\n<td>2700<small>kg<\/small><\/td>\n<\/tr>\n<tr>\n<th>Nutzlast<\/th>\n<td>1700<\/td>\n<\/tr>\n<tr>\n<th><\/th>\n<td><\/td>\n<\/tr>\n<\/tbody>\n<\/table>\n<h4>Optionen:<\/h4>\n<div class=\"product-configure-custom-option-item\">\n<div class=\"product-configure-custom-option-item\"><input id=\"product_configure_custom_8552293_74369031\" name=\"custom[8552293][]\" type=\"checkbox\" value=\"74369031\" \/>\u00a0<label for=\"product_configure_custom_8552293_74369031\">Seitent\u00fcr (beim Lagerraum) (+CHF 413,00)<\/label><\/div>\n<div class=\"product-configure-custom-option-item\"><input id=\"product_configure_custom_8552293_74369032\" name=\"custom[8552293][]\" type=\"checkbox\" value=\"74369032\" \/>\u00a0<label for=\"product_configure_custom_8552293_74369032\">Elektroinstallation 230V (beim Lagerraum) (Innenbeleuchtung &#8211; 1 LED-Lampe; hermetische Doppelsteckdose x 2; Schalter; Sicherungskasten) (+CHF 300,00)<\/label><\/div>\n<div class=\"product-configure-custom-option-item\"><input id=\"product_configure_custom_8552293_74369033\" name=\"custom[8552293][]\" type=\"checkbox\" value=\"74369033\" \/>\u00a0<label for=\"product_configure_custom_8552293_74369033\">klappbare Eingangsstufe (+CHF 68,00)<\/label><\/div>\n<div class=\"product-configure-custom-option-item\"><input id=\"product_configure_custom_8552293_74369034\" name=\"custom[8552293][]\" type=\"checkbox\" value=\"74369034\" \/>\u00a0<label for=\"product_configure_custom_8552293_74369034\">Ersatzrad 165 R13C (+CHF 113,00)<\/label><\/div>\n<div class=\"product-configure-custom-option-item\"><input id=\"product_configure_custom_8552293_74369035\" name=\"custom[8552293][]\" type=\"checkbox\" value=\"74369035\" \/>\u00a0<label for=\"product_configure_custom_8552293_74369035\">Reserveradhalterung (+CHF 53,00)<\/label><\/div>\n<div class=\"product-configure-custom-option-item\"><input id=\"product_configure_custom_8552293_74369036\" name=\"custom[8552293][]\" type=\"checkbox\" value=\"74369036\" \/>\u00a0<label for=\"product_configure_custom_8552293_74369036\">Grafik Sport Transport Wohnwagen (+CHF 225,00)<\/label><\/div>\n<div class=\"product-configure-custom-option-item\"><input id=\"product_configure_custom_8552293_74369037\" name=\"custom[8552293][]\" type=\"checkbox\" value=\"74369037\" \/>\u00a0<label for=\"product_configure_custom_8552293_74369037\">Aluminium-Felgen (+CHF 630,00)<\/label><\/div>\n<div class=\"product-configure-custom-option-item\"><input id=\"product_configure_custom_8552293_74369038\" name=\"custom[8552293][]\" type=\"checkbox\" value=\"74369038\" \/>\u00a0<label for=\"product_configure_custom_8552293_74369038\">Anh\u00e4ngerkupplung mit Stabilisator Knott (+CHF 375,00)<\/label><\/div>\n<div class=\"product-configure-custom-option-item\"><input id=\"product_configure_custom_8552293_74369039\" name=\"custom[8552293][]\" type=\"checkbox\" value=\"74369039\" \/>\u00a0<label for=\"product_configure_custom_8552293_74369039\">Dachreling (+CHF 225,00)<\/label><\/div>\n<div class=\"product-configure-custom-option-item\"><input id=\"product_configure_custom_8552293_74369040\" name=\"custom[8552293][]\" type=\"checkbox\" value=\"74369040\" \/>\u00a0<label for=\"product_configure_custom_8552293_74369040\">Alu \/ schwarze Kotfl\u00fcgel (+CHF 150,00)<\/label><\/div>\n<div class=\"product-configure-custom-option-item\"><input id=\"product_configure_custom_8552293_74369041\" name=\"custom[8552293][]\" type=\"checkbox\" value=\"74369041\" \/>\u00a0<label for=\"product_configure_custom_8552293_74369041\">Vorzelt L-4470 (+CHF 1.950,00)<\/label><\/div>\n<div class=\"product-configure-custom-option-item\"><input id=\"product_configure_custom_8552293_74369042\" name=\"custom[8552293][]\" type=\"checkbox\" value=\"74369042\" \/>\u00a0<label for=\"product_configure_custom_8552293_74369042\">Vorzelt L-2550 (+CHF 1.500,00)<\/label><\/div>\n<div class=\"product-configure-custom-option-item\"><input id=\"product_configure_custom_8552293_74369043\" name=\"custom[8552293][]\" type=\"checkbox\" value=\"74369043\" \/>\u00a0<label for=\"product_configure_custom_8552293_74369043\">Au\u00dfenlampe (LED) (+CHF 75,00)<\/label><\/div>\n<div class=\"product-configure-custom-option-item\"><input id=\"product_configure_custom_8552293_74369044\" name=\"custom[8552293][]\" type=\"checkbox\" value=\"74369044\" \/>\u00a0<label for=\"product_configure_custom_8552293_74369044\">Radabdeckungen (+CHF 30,00)<\/label><\/div>\n<div class=\"product-configure-custom-option-item\"><input id=\"product_configure_custom_8552293_74369045\" name=\"custom[8552293][]\" type=\"checkbox\" value=\"74369045\" \/>\u00a0<label for=\"product_configure_custom_8552293_74369045\">Sto\u00dfd\u00e4mpfer (+CHF 150,00)<\/label><\/div>\n<\/div>\n<p>&nbsp;<\/p>\n","protected":false},"featured_media":2903,"comment_status":"open","ping_status":"closed","template":"","meta":{"_acf_changed":false,"rs_blank_template":"","rs_page_bg_color":"","slide_template_v7":""},"product_brand":[],"product_cat":[229,22],"product_tag":[],"class_list":["post-2011","product","type-product","status-publish","has-post-thumbnail","product_cat-motorradtransportanhaenger-koffer-geschlossen","product_cat-sportgeraete-transportanhaenger","first","instock","featured","shipping-taxable","purchasable","product-type-simple"],"acf":[],"_links":{"self":[{"href":"https:\/\/daltec.ch\/fr\/wp-json\/wp\/v2\/product\/2011","targetHints":{"allow":["GET"]}}],"collection":[{"href":"https:\/\/daltec.ch\/fr\/wp-json\/wp\/v2\/product"}],"about":[{"href":"https:\/\/daltec.ch\/fr\/wp-json\/wp\/v2\/types\/product"}],"replies":[{"embeddable":true,"href":"https:\/\/daltec.ch\/fr\/wp-json\/wp\/v2\/comments?post=2011"}],"wp:featuredmedia":[{"embeddable":true,"href":"https:\/\/daltec.ch\/fr\/wp-json\/wp\/v2\/media\/2903"}],"wp:attachment":[{"href":"https:\/\/daltec.ch\/fr\/wp-json\/wp\/v2\/media?parent=2011"}],"wp:term":[{"taxonomy":"product_brand","embeddable":true,"href":"https:\/\/daltec.ch\/fr\/wp-json\/wp\/v2\/product_brand?post=2011"},{"taxonomy":"product_cat","embeddable":true,"href":"https:\/\/daltec.ch\/fr\/wp-json\/wp\/v2\/product_cat?post=2011"},{"taxonomy":"product_tag","embeddable":true,"href":"https:\/\/daltec.ch\/fr\/wp-json\/wp\/v2\/product_tag?post=2011"}],"curies":[{"name":"wp","href":"https:\/\/api.w.org\/{rel}","templated":true}]}}

<p><strong><em>Prix: voir liste de prix sur page d'accueil</em></strong></p>
<p>Entdecken Sie Sport Transport Caravan 550 &#8211; die perfekte Kombination aus Campingkomfort und Transportfunktionalität!</p>
<p>Keine Kompromisse mehr beim Transport ihrer bevorzugten Freizeitausrüstung!</p>
<h4>Equipement:</h4>
<ul>
<li>Flügeltüren Hinten</li>
<li>Seitentür</li>
<li>Dachfenster Dometic 400 x 400 &#8211; 1 Stk.</li>
<li>Fenster 700&#215;350 mit Rollo &#8211; 4 Stk.</li>
<li>Heizung &#8211; 1 Stk.</li>
<li>Waschbecken mit Armaturen</li>
<li>Hängeschränke</li>
<li>2 Klappbetten an den Seiten mit Matratzen und Schränken unter dem Bett</li>
<li>PCV carpeT</li>
<li>Installation 230 V (Innenbeleuchtung &#8211; 1 LED-Lampe; hermetische Doppelsteckdose x 2; Steckdose x 3; Schalter; Sicherungskasten)</li>
<li>Einbau 12 V (1 LED-Lampe)</li>
<li>Wand-/Dachstärke &#8211; ca. 30 mm &#8211; gefüllt mit Styropor; innen und außen weißes Laminat mit glatter Oberfläche.</li>
<li>Bodenstärke &#8211; 15 mm &#8211; innen mit rutschfestem Sperrholz;</li>
<li>Stützrad</li>
<li>4 verstellbare Stützbeine</li>
<li>Ladungsbefestigungshalterungen im Boden (6 Stk.)</li>
</ul>
<p>&nbsp;</p>
<p>&nbsp;</p>

<h4>Technische Daten:</h4>
<table class="table">
<tbody>
<tr>
<th>Länge</th>
<td>5500 <small>mm</small></td>
</tr>
<tr>
<th>Breite</th>
<td>2000 <small>mm</small></td>
</tr>
<tr>
<th>Höhe</th>
<td>2100 <small>mm</small></td>
</tr>
<tr>
<th>Achsen</th>
<td>2<small></small></td>
</tr>
<tr>
<th>Gesamtgewicht</th>
<td>2700<small>kg</small></td>
</tr>
<tr>
<th>Nutzlast</th>
<td>1700</td>
</tr>
<tr>
<th></th>
<td></td>
</tr>
</tbody>
</table>
<h4>Optionen:</h4>
<div class="product-configure-custom-option-item">
<div class="product-configure-custom-option-item"><input id="product_configure_custom_8552293_74369031" name="custom[8552293][]" type="checkbox" value="74369031" /> <label for="product_configure_custom_8552293_74369031">Seitentür (beim Lagerraum) (+CHF 413,00)</label></div>
<div class="product-configure-custom-option-item"><input id="product_configure_custom_8552293_74369032" name="custom[8552293][]" type="checkbox" value="74369032" /> <label for="product_configure_custom_8552293_74369032">Elektroinstallation 230V (beim Lagerraum) (Innenbeleuchtung &#8211; 1 LED-Lampe; hermetische Doppelsteckdose x 2; Schalter; Sicherungskasten) (+CHF 300,00)</label></div>
<div class="product-configure-custom-option-item"><input id="product_configure_custom_8552293_74369033" name="custom[8552293][]" type="checkbox" value="74369033" /> <label for="product_configure_custom_8552293_74369033">klappbare Eingangsstufe (+CHF 68,00)</label></div>
<div class="product-configure-custom-option-item"><input id="product_configure_custom_8552293_74369034" name="custom[8552293][]" type="checkbox" value="74369034" /> <label for="product_configure_custom_8552293_74369034">Ersatzrad 165 R13C (+CHF 113,00)</label></div>
<div class="product-configure-custom-option-item"><input id="product_configure_custom_8552293_74369035" name="custom[8552293][]" type="checkbox" value="74369035" /> <label for="product_configure_custom_8552293_74369035">Reserveradhalterung (+CHF 53,00)</label></div>
<div class="product-configure-custom-option-item"><input id="product_configure_custom_8552293_74369036" name="custom[8552293][]" type="checkbox" value="74369036" /> <label for="product_configure_custom_8552293_74369036">Grafik Sport Transport Wohnwagen (+CHF 225,00)</label></div>
<div class="product-configure-custom-option-item"><input id="product_configure_custom_8552293_74369037" name="custom[8552293][]" type="checkbox" value="74369037" /> <label for="product_configure_custom_8552293_74369037">Aluminium-Felgen (+CHF 630,00)</label></div>
<div class="product-configure-custom-option-item"><input id="product_configure_custom_8552293_74369038" name="custom[8552293][]" type="checkbox" value="74369038" /> <label for="product_configure_custom_8552293_74369038">Anhängerkupplung mit Stabilisator Knott (+CHF 375,00)</label></div>
<div class="product-configure-custom-option-item"><input id="product_configure_custom_8552293_74369039" name="custom[8552293][]" type="checkbox" value="74369039" /> <label for="product_configure_custom_8552293_74369039">Dachreling (+CHF 225,00)</label></div>
<div class="product-configure-custom-option-item"><input id="product_configure_custom_8552293_74369040" name="custom[8552293][]" type="checkbox" value="74369040" /> <label for="product_configure_custom_8552293_74369040">Alu / schwarze Kotflügel (+CHF 150,00)</label></div>
<div class="product-configure-custom-option-item"><input id="product_configure_custom_8552293_74369041" name="custom[8552293][]" type="checkbox" value="74369041" /> <label for="product_configure_custom_8552293_74369041">Vorzelt L-4470 (+CHF 1.950,00)</label></div>
<div class="product-configure-custom-option-item"><input id="product_configure_custom_8552293_74369042" name="custom[8552293][]" type="checkbox" value="74369042" /> <label for="product_configure_custom_8552293_74369042">Vorzelt L-2550 (+CHF 1.500,00)</label></div>
<div class="product-configure-custom-option-item"><input id="product_configure_custom_8552293_74369043" name="custom[8552293][]" type="checkbox" value="74369043" /> <label for="product_configure_custom_8552293_74369043">Außenlampe (LED) (+CHF 75,00)</label></div>
<div class="product-configure-custom-option-item"><input id="product_configure_custom_8552293_74369044" name="custom[8552293][]" type="checkbox" value="74369044" /> <label for="product_configure_custom_8552293_74369044">Radabdeckungen (+CHF 30,00)</label></div>
<div class="product-configure-custom-option-item"><input id="product_configure_custom_8552293_74369045" name="custom[8552293][]" type="checkbox" value="74369045" /> <label for="product_configure_custom_8552293_74369045">Stoßdämpfer (+CHF 150,00)</label></div>
</div>
<p>&nbsp;</p>
