{"id":978,"date":"2024-06-20T09:00:34","date_gmt":"2024-06-20T09:00:34","guid":{"rendered":"https:\/\/demo.shrinkwaterindia.com\/?post_type=product&#038;p=978"},"modified":"2025-06-17T21:01:25","modified_gmt":"2025-06-17T21:01:25","slug":"vz-26-ar-alux","status":"publish","type":"product","link":"https:\/\/daltec.ch\/fr\/product\/vz-26-ar-alux","title":{"rendered":"Daltec VZ 26 AR Alux, 2500x1250x350 mm, 750 Kg"},"content":{"rendered":"<p><em><strong>Prix: voir liste de prix sur page d'accueil<\/strong><\/em><\/p>\n<p><strong>Equipement:<\/strong><\/p>\n<p>Ch\u00e2ssis : cadre de base galvanis\u00e9 \u00e0 chaud, timon en V, attelage \u00e0 billes, cha\u00eene de s\u00e9curit\u00e9, protection contre les excr\u00e9ments en plastique Essieux : essieux \u00e0 ressorts de torsion AL-KO\/Knott Construction : construction en aluminium, parois lat\u00e9rales profil\u00e9 en aluminium Alux, hauteur 350 mm \/ \u00e9paisseur 15 mm, garde-cadre tubulaire mont\u00e9e sur la paroi lat\u00e9rale Plaque de base : plancher en plaque de s\u00e9rigraphie 15 mm, 4 anneaux de liaison pour la s\u00e9curisation de la charge Syst\u00e8me d'\u00e9clairage : Selon les normes du StVO ; 12V, prise 13 p\u00f4les<\/p>","protected":false},"excerpt":{"rendered":"<h5>Prix: voir liste de prix sur page d'accueil<\/h5>\n<p>Remorque de transport pour toutes les marchandises avec parois lat\u00e9rales en aluminium<\/p>\n<h5>Sp\u00e9cifications<\/h5>\n<table class=\"table\">\n<tbody>\n<tr>\n<th>Longueur int\u00e9rieure<\/th>\n<td>2500 <small>mm<\/small><\/td>\n<\/tr>\n<tr>\n<th>Largeur int\u00e9rieure<\/th>\n<td>1300 <small>mm<\/small><\/td>\n<\/tr>\n<tr>\n<th>Hauteur int\u00e9rieure<\/th>\n<td>350 <small>mm<\/small><\/td>\n<\/tr>\n<tr>\n<th>Essieux<\/th>\n<td>1 <small><\/small><\/td>\n<\/tr>\n<tr>\n<th>Poids total<\/th>\n<td>750 <small>kg<\/small><\/td>\n<\/tr>\n<tr>\n<th>Charge utile<\/th>\n<td>585 <small>kg<\/small><\/td>\n<\/tr>\n<tr>\n<th>Roues<\/th>\n<td>165\/70 R13<small><\/small><\/td>\n<\/tr>\n<\/tbody>\n<\/table>\n<h6>Options<\/h6>\n<table>\n<tbody>\n<tr>\n<td class=\"translation-block\">Roue d'appui, diam. 48 mm Hauteur r\u00e9glable - avec support<\/td>\n<td>65 CHF<\/td>\n<\/tr>\n<tr>\n<td>B\u00e2che plate avec \u00e9lastique<\/td>\n<td>340 CHF<\/td>\n<\/tr>\n<tr>\n<td>B\u00e2che haute (H. 1550 mm)<\/td>\n<td>960 CHF<\/td>\n<\/tr>\n<tr>\n<td>Rehausseur de flanc 350 mm<\/td>\n<td>820 CHF<\/td>\n<\/tr>\n<tr>\n<td>Pied de support avec support (paire)<\/td>\n<td>100 CHF<\/td>\n<\/tr>\n<tr>\n<td>Couvercle en polyester avec serrure<br \/>\n<strong>F\u00fcr VZ 21<\/strong><\/td>\n<td>620 CHF<\/td>\n<\/tr>\n<\/tbody>\n<\/table>","protected":false},"featured_media":1436,"comment_status":"open","ping_status":"closed","template":"","meta":{"_acf_changed":false,"rs_blank_template":"","rs_page_bg_color":"","slide_template_v7":""},"product_brand":[],"product_cat":[15],"product_tag":[],"class_list":["post-978","product","type-product","status-publish","has-post-thumbnail","product_cat-tieflader-anhaenger","first","instock","featured","shipping-taxable","purchasable","product-type-simple"],"acf":[],"_links":{"self":[{"href":"https:\/\/daltec.ch\/fr\/wp-json\/wp\/v2\/product\/978","targetHints":{"allow":["GET"]}}],"collection":[{"href":"https:\/\/daltec.ch\/fr\/wp-json\/wp\/v2\/product"}],"about":[{"href":"https:\/\/daltec.ch\/fr\/wp-json\/wp\/v2\/types\/product"}],"replies":[{"embeddable":true,"href":"https:\/\/daltec.ch\/fr\/wp-json\/wp\/v2\/comments?post=978"}],"wp:featuredmedia":[{"embeddable":true,"href":"https:\/\/daltec.ch\/fr\/wp-json\/wp\/v2\/media\/1436"}],"wp:attachment":[{"href":"https:\/\/daltec.ch\/fr\/wp-json\/wp\/v2\/media?parent=978"}],"wp:term":[{"taxonomy":"product_brand","embeddable":true,"href":"https:\/\/daltec.ch\/fr\/wp-json\/wp\/v2\/product_brand?post=978"},{"taxonomy":"product_cat","embeddable":true,"href":"https:\/\/daltec.ch\/fr\/wp-json\/wp\/v2\/product_cat?post=978"},{"taxonomy":"product_tag","embeddable":true,"href":"https:\/\/daltec.ch\/fr\/wp-json\/wp\/v2\/product_tag?post=978"}],"curies":[{"name":"wp","href":"https:\/\/api.w.org\/{rel}","templated":true}]}}

<p><em><strong>Prix: voir liste de prix sur page d'accueil</strong></em></p>
<p><strong>Equipement:</strong></p>
<p>Châssis : cadre de base galvanisé à chaud, timon en V, attelage à billes, chaîne de sécurité, protection contre les excréments en plastique Essieux : essieux à ressorts de torsion AL-KO/Knott Construction : construction en aluminium, parois latérales profilé en aluminium Alux, hauteur 350 mm / épaisseur 15 mm, garde-cadre tubulaire montée sur la paroi latérale Plaque de base : plancher en plaque de sérigraphie 15 mm, 4 anneaux de liaison pour la sécurisation de la charge Système d'éclairage : Selon les normes du StVO ; 12V, prise 13 pôles</p>

<h5>Prix: voir liste de prix sur page d'accueil</h5>
<p>Remorque de transport pour toutes les marchandises avec parois latérales en aluminium</p>
<h5>Spécifications</h5>
<table class="table">
<tbody>
<tr>
<th>Longueur intérieure</th>
<td>2500 <small>mm</small></td>
</tr>
<tr>
<th>Largeur intérieure</th>
<td>1300 <small>mm</small></td>
</tr>
<tr>
<th>Hauteur intérieure</th>
<td>350 <small>mm</small></td>
</tr>
<tr>
<th>Essieux</th>
<td>1 <small></small></td>
</tr>
<tr>
<th>Poids total</th>
<td>750 <small>kg</small></td>
</tr>
<tr>
<th>Charge utile</th>
<td>585 <small>kg</small></td>
</tr>
<tr>
<th>Roues</th>
<td>165/70 R13<small></small></td>
</tr>
</tbody>
</table>
<h6>Options</h6>
<table>
<tbody>
<tr>
<td class="translation-block">Roue d'appui, diam. 48 mm Hauteur réglable - avec support</td>
<td>65 CHF</td>
</tr>
<tr>
<td>Bâche plate avec élastique</td>
<td>340 CHF</td>
</tr>
<tr>
<td>Bâche haute (H. 1550 mm)</td>
<td>960 CHF</td>
</tr>
<tr>
<td>Rehausseur de flanc 350 mm</td>
<td>820 CHF</td>
</tr>
<tr>
<td>Pied de support avec support (paire)</td>
<td>100 CHF</td>
</tr>
<tr>
<td>Couvercle en polyester avec serrure<br />
<strong>Für VZ 21</strong></td>
<td>620 CHF</td>
</tr>
</tbody>
</table>
